ivided by 9?
6
What is the remainder when 94 is divided by 25?
19
Calculate the remainder when 1475 is divided by 241.
29
What is the remainder when 127 is divided by 32?
31
What is the remainder when 596 is divided by 121?
112
Calculate the remainder when 778 is divided by 41.
40
What is the remainder when 8633 is divided by 120?
113
What is the remainder when 409 is divided by 45?
4
Calculate the remainder when 1542 is divided by 194.
184
Calculate the remainder when 1129 is divided by 226.
225
Calculate the remainder when 135 is divided by 68.
67
Calculate the remainder when 136 is divided by 71.
65
What is the remainder when 65 is divided by 40?
25
What is the remainder when 1 is divided by 1?
0
What is the remainder when 221 is divided by 51?
17
What is the remainder when 64 is divided by 1?
0
Calculate the remainder when 214 is divided by 55.
49
What is the remainder when 1034 is divided by 509?
16
Calculate the remainder when 918 is divided by 32.
22
What is the remainder when 78 is divided by 23?
9
What is the remainder when 114 is divided by 23?
22
What is the remainder when 175 is divided by 11?
10
What is the remainder when 7458 is divided by 14?
10
Calculate the remainder when 197 is divided by 41.
33
Calculate the remainder when 214 is divided by 8.
6
Calculate the remainder when 337 is divided by 161.
15
Calculate the remainder when 393 is divided by 67.
58
What is the remainder when 3546 is divided by 89?
75
Calculate the remainder when 288 is divided by 97.
94
What is the remainder when 19 is divided by 4?
3
What is the remainder when 9592 is divided by 53?
52
What is the remainder when 957 is divided by 19?
7
What is the remainder when 46 is divided by 16?
14
What is the remainder when 509 is divided by 52?
41
Calculate the remainder when 70 is divided by 20.
10
Calculate the remainder when 151 is divided by 76.
75
What is the remainder when 123 is divided by 39?
6
Calculate the remainder when 58 is divided by 9.
4
Calculate the remainder when 425 is divided by 52.
9
Calculate the remainder when 607 is divided by 21.
19
What is the remainder when 101 is divided by 17?
16
Calculate the remainder when 1028 is divided by 104.
92
Calculate the remainder when 11472 is divided by 135.
132
What is the remainder when 330 is divided by 22?
0
What is the remainder when 147 is divided by 11?
4
What is the remainder when 250 is divided by 84?
82
What is the remainder when 47 is divided by 14?
5
What is the remainder when 867 is divided by 142?
15
Calculate the remainder when 45 is divided by 12.
9
Calculate the remainder when 2420 is divided by 25.
20
What is the remainder when 94 is divided by 20?
14
What is the remainder when 247 is divided by 4?
3
Calculate the remainder when 54 is divided by 17.
3
What is the remainder when 237 is divided by 34?
33
What is the remainder when 623 is divided by 12?
11
What is the remainder when 696 is divided by 222?
30
Calculate the remainder when 16552 is divided by 48.
40
What is the remainder when 186 is divided by 12?
6
What is the remainder when 25 is divided by 13?
12
Calculate the remainder when 12 is divided by 12.
0
Calculate the remainder when 4097 is divided by 82.
79
What is the remainder when 442 is divided by 12?
10
Calculate the remainder when 13 is divided by 1.
0
What is the remainder when 449 is divided by 50?
49
Calculate the remainder when 83 is divided by 9.
2
What is the remainder when 873 is divided by 100?
73
Calculate the remainder when 3130 is divided by 1563.
4
What is the remainder when 47 is divided by 37?
10
Calculate the remainder when 596 is divided by 120.
116
What is the remainder when 159 is divided by 16?
15
What is the remainder when 130 is divided by 68?
62
Calculate the remainder when 70 is divided by 25.
20
What is the remainder when 716 is divided by 85?
36
What is the remainder when 526 is divided by 22?
20
What is the remainder when 1359 is divided by 17?
16
Calculate the remainder when 47 is divided by 27.
20
What is the remainder when 17547 is divided by 325?
322
Calculate the remainder when 473 is divided by 231.
11
Calculate the remainder when 166 is divided by 44.
34
What is the remainder when 212 is divided by 27?
23
Calculate the remainder when 119 is divided by 6.
5
Calculate the remainder when 28 is divided by 18.
10
Calculate the remainder when 16747 is divided by 106.
105
What is the remainder when 344 is divided by 25?
19
What is the remainder when 461 is divided by 35?
6
Calculate the remainder when 163 is divided by 13.
7
Calculate the remainder when 366 is divided by 115.
21
Calculate the remainder when 1193 is divided by 46.
43
What is the remainder when 936 is divided by 286?
78
What is the remainder when 321 is divided by 284?
37
What is the remainder when 914 is divided by 153?
149
What is the remainder when 291 is divided by 70?
11
Calculate the remainder when 1833 is divided by 15.
3
What is the remainder when 148 is divided by 34?
12
Calculate the remainder when 2071 is divided by 14.
13
Calculate the remainder when 2012 is divided by 126.
122
Calculate the remainder when 83 is divided by 5.
3
What is the remainder when 99 is divided by 15?
9
What is the remainder when 383 is divided by 43?
39
What is the remainder when 183 is divided by 49?
36
What is the remainder when 567 is divided by 57?
54
Calculate the remainder when 3891 is divided by 41.
37
What is the remainder when 5545 is divided by 2769?
7
What is the remainder when 1702 is divided by 131?
130
What is the remainder when 162 is divided by 21?
15
What is the remainder when 1298 is divided by 13?
11
Calculate the remainder when 4183 is divided by 1388.
19
Calculate the remainder when 1062 is divided by 71.
68
What is the remainder when 1175 is divided by 168?
167
Calculate the remainder when 36 is divided by 14.
8
What is the remainder when 918 is divided by 245?
183
Calculate the remainder when 431 is divided by 109.
104
What is the remainder when 508 is divided by 243?
22
Calculate the remainder when 87 is divided by 55.
32
Calculate the remainder when 591 is divided by 85.
81
Calculate the remainder when 589 is divided by 18.
13
Calculate the remainder when 340 is divided by 110.
10
Calculate the remainder when 568 is divided by 135.
28
Calculate the remainder when 18 is divided by 4.
2
Calculate the remainder when 1090 is divided by 122.
114
Calculate the remainder when 6189 is divided by 105.
99
What is the remainder when 2143 is divided by 356?
7
Calculate the remainder when 204 is divided by 105.
99
What is the remainder when 1105 is divided by 33?
16
Calculate the remainder when 1727 is divided by 108.
107
What is the remainder when 132 is divided by 12?
0
What is the remainder when 278 is divided by 15?
8
Calculate the remainder when 79 is divided by 6.
1
What is the remainder when 48 is divided by 13?
9
Calculate the remainder when 223 is divided by 46.
39
What is the remainder when 479 is divided by 32?
31
What is the remainder when 6434 is divided by 13?
12
Calculate the remainder when 201 is divided by 7.
5
What is the remainder when 542 is divided by 44?
14
Calculate the remainder when 32 is divided by 11.
10
Calculate the remainder when 245 is divided by 92.
61
What is the remainder when 174 is divided by 8?
6
Calculate the remainder when 62 is divided by 41.
21
Calculate the remainder when 107 is divided by 38.
31
What is the remainder when 451 is divided by 7?
3
What is the remainder when 2351 is divided by 21?
20
What is the remainder when 5204 is divided by 65?
4
What is the remainder when 495 is divided by 86?
65
Calculate the remainder when 183 is divided by 49.
36
What is the remainder when 117 is divided by 98?
19
What is the remainder when 3102 is divided by 347?
326
What is the remainder when 262 is divided by 69?
55
Calculate the remainder when 6438 is divided by 358.
352
Calculate the remainder when 697 is divided by 54.
49
Calculate the remainder when 418 is divided by 54.
40
What is the remainder when 4720 is divided by 9?
4
Calculate the remainder when 662 is divided by 110.
2
Calculate the remainder when 463 is divided by 34.
21
Calculate the remainder when 433 is divided by 23.
19
What is the remainder when 4967 is divided by 415?
402
Calcula